{"id":883,"date":"2017-09-25T10:53:32","date_gmt":"2017-09-25T16:53:32","guid":{"rendered":"http:\/\/megamascotasdf.com\/megamascotas\/?post_type=product&#038;p=883"},"modified":"2022-03-19T14:27:32","modified_gmt":"2022-03-19T20:27:32","slug":"mueble-rascador-huella-100cm","status":"publish","type":"product","link":"https:\/\/megamascotasdf.com\/megamascotas\/producto\/mueble-rascador-huella-100cm\/","title":{"rendered":"Mueble Rascador Huella 100cm"},"content":{"rendered":"<p>Los gatos tienen la necesidad vital de afilar sus u\u00f1as. Para ello, la mejor soluci\u00f3n son los rascadores para gatos. En ellos el gato podr\u00e1 seguir sus instintos naturales sin que nuestros muebles sufran las consecuencias. Adem\u00e1s, son una zona ideal de juego y descanso.<\/p>\n<p>Caracter\u00edsticas:<\/p>\n<ul>\n<li>Rascador fabricado en madera y forrado de suave felpa.<\/li>\n<li>Materiales resistentes y duraderos.<\/li>\n<li>Medidas: 60 cm x 58 cm x 100 cm<\/li>\n<\/ul>\n<p>Beneficios:<\/p>\n<ul>\n<li>F\u00e1cil de montar y desmontar.<\/li>\n<li>El gato podr\u00e1 rascar y jugar con el tanto como quiera gracias a las plataformas con forma de huella y juguete.<\/li>\n<\/ul>\n","protected":false},"excerpt":{"rendered":"<p>Medidas:\u00a060 cm x 58 cm x 100 cm<\/p>\n","protected":false},"featured_media":6384,"comment_status":"open","ping_status":"closed","template":"","meta":[],"product_cat":[17,46],"product_tag":[],"jetpack_publicize_connections":[],"_links":{"self":[{"href":"https:\/\/megamascotasdf.com\/megamascotas\/wp-json\/wp\/v2\/product\/883"}],"collection":[{"href":"https:\/\/megamascotasdf.com\/megamascotas\/wp-json\/wp\/v2\/product"}],"about":[{"href":"https:\/\/megamascotasdf.com\/megamascotas\/wp-json\/wp\/v2\/types\/product"}],"replies":[{"embeddable":true,"href":"https:\/\/megamascotasdf.com\/megamascotas\/wp-json\/wp\/v2\/comments?post=883"}],"wp:featuredmedia":[{"embeddable":true,"href":"https:\/\/megamascotasdf.com\/megamascotas\/wp-json\/wp\/v2\/media\/6384"}],"wp:attachment":[{"href":"https:\/\/megamascotasdf.com\/megamascotas\/wp-json\/wp\/v2\/media?parent=883"}],"wp:term":[{"taxonomy":"product_cat","embeddable":true,"href":"https:\/\/megamascotasdf.com\/megamascotas\/wp-json\/wp\/v2\/product_cat?post=883"},{"taxonomy":"product_tag","embeddable":true,"href":"https:\/\/megamascotasdf.com\/megamascotas\/wp-json\/wp\/v2\/product_tag?post=883"}],"curies":[{"name":"wp","href":"https:\/\/api.w.org\/{rel}","templated":true}]}}