{"id":8392,"date":"2024-08-26T17:00:32","date_gmt":"2024-08-26T23:00:32","guid":{"rendered":"https:\/\/megamascotasdf.com\/megamascotas\/?post_type=product&#038;p=8392"},"modified":"2025-12-17T15:02:25","modified_gmt":"2025-12-17T21:02:25","slug":"bravecto-plus-para-gatos","status":"publish","type":"product","link":"https:\/\/megamascotasdf.com\/megamascotas\/producto\/bravecto-plus-para-gatos\/","title":{"rendered":"Bravecto Plus para Gatos"},"content":{"rendered":"<p>Para administraci\u00f3n en gatos con o en riesgo de sufrir infestaciones parasitarias mixtas por pulgas y garrapatas, nematodos gastrointestinales (larvas de 4ta etapa, adultos inmaduros y adultos de Toxocara cati y Ancylostoma tubaeforme) o gusanos del coraz\u00f3n. Este medicamento de uso veterinario se prescribe exclusivamente cuando su uso contra pulgas o garrapatas y uno o m\u00e1s de los otros par\u00e1sitos objetivo est\u00e1 indicado al mismo tiempo.<\/p>\n<p>Para el tratamiento de infestaciones de pulgas y garrapatas en gatos, proporcionando una actividad persistente e inmediata que mata a las pulgas (Ctenocephalides felis) y garrapatas (Ixodes ricinus, Ixodes scapularis, Rhipicephalus sanguineus, Haemaphysalis longicornis) por 12 semanas.<\/p>\n<p>Las pulgas y garrapatas deben estar adheridas al hu\u00e9sped y comenzar a alimentarse para quedar expuestas a la sustancia activa. Para el tratamiento de infestaciones de Otodectes cynotis. Para la prevenci\u00f3n de la enfermedad del gusano del coraz\u00f3n causada por la Dirofilaria immitis durante 12 semanas.<br \/>\nEl producto se puede usar como parte de una estrategia para el tratamiento de la dermatitis al\u00e9rgica causada por picadura de pulga (DAPP).<\/p>\n","protected":false},"excerpt":{"rendered":"<p>Para administraci\u00f3n en gatos con o en riesgo de sufrir infestaciones parasitarias mixtas por pulgas y garrapatas, nematodos gastrointestinales (larvas de 4ta etapa, adultos inmaduros y adultos de Toxocara cati y Ancylostoma tubaeforme) o gusanos del coraz\u00f3n. Este medicamento de uso veterinario se prescribe exclusivamente cuando su uso contra pulgas o garrapatas y uno o [&hellip;]<\/p>\n","protected":false},"featured_media":8398,"comment_status":"open","ping_status":"closed","template":"","meta":[],"product_cat":[17,39],"product_tag":[],"jetpack_publicize_connections":[],"_links":{"self":[{"href":"https:\/\/megamascotasdf.com\/megamascotas\/wp-json\/wp\/v2\/product\/8392"}],"collection":[{"href":"https:\/\/megamascotasdf.com\/megamascotas\/wp-json\/wp\/v2\/product"}],"about":[{"href":"https:\/\/megamascotasdf.com\/megamascotas\/wp-json\/wp\/v2\/types\/product"}],"replies":[{"embeddable":true,"href":"https:\/\/megamascotasdf.com\/megamascotas\/wp-json\/wp\/v2\/comments?post=8392"}],"wp:featuredmedia":[{"embeddable":true,"href":"https:\/\/megamascotasdf.com\/megamascotas\/wp-json\/wp\/v2\/media\/8398"}],"wp:attachment":[{"href":"https:\/\/megamascotasdf.com\/megamascotas\/wp-json\/wp\/v2\/media?parent=8392"}],"wp:term":[{"taxonomy":"product_cat","embeddable":true,"href":"https:\/\/megamascotasdf.com\/megamascotas\/wp-json\/wp\/v2\/product_cat?post=8392"},{"taxonomy":"product_tag","embeddable":true,"href":"https:\/\/megamascotasdf.com\/megamascotas\/wp-json\/wp\/v2\/product_tag?post=8392"}],"curies":[{"name":"wp","href":"https:\/\/api.w.org\/{rel}","templated":true}]}}