{"id":779,"date":"2017-09-14T14:51:27","date_gmt":"2017-09-14T20:51:27","guid":{"rendered":"http:\/\/megamascotasdf.com\/megamascotas\/?post_type=product&#038;p=779"},"modified":"2024-05-02T13:46:30","modified_gmt":"2024-05-02T19:46:30","slug":"tapete-doggie-grass","status":"publish","type":"product","link":"https:\/\/megamascotasdf.com\/megamascotas\/producto\/tapete-doggie-grass\/","title":{"rendered":"Tapete DOGGIE GRASS"},"content":{"rendered":"<p>Cuenta con 1 tapete de pasto sint\u00e9tico, 1 rejilla de goteo y 1 bandeja, que permite entrenar al cachorro f\u00e1cilmente dentro del hogar y es la soluci\u00f3n perfecta para todo tipo de perros.<\/p>\n","protected":false},"excerpt":{"rendered":"<p>Tapete entrenador<\/p>\n","protected":false},"featured_media":794,"comment_status":"open","ping_status":"closed","template":"","meta":[],"product_cat":[16,34],"product_tag":[],"jetpack_publicize_connections":[],"_links":{"self":[{"href":"https:\/\/megamascotasdf.com\/megamascotas\/wp-json\/wp\/v2\/product\/779"}],"collection":[{"href":"https:\/\/megamascotasdf.com\/megamascotas\/wp-json\/wp\/v2\/product"}],"about":[{"href":"https:\/\/megamascotasdf.com\/megamascotas\/wp-json\/wp\/v2\/types\/product"}],"replies":[{"embeddable":true,"href":"https:\/\/megamascotasdf.com\/megamascotas\/wp-json\/wp\/v2\/comments?post=779"}],"wp:featuredmedia":[{"embeddable":true,"href":"https:\/\/megamascotasdf.com\/megamascotas\/wp-json\/wp\/v2\/media\/794"}],"wp:attachment":[{"href":"https:\/\/megamascotasdf.com\/megamascotas\/wp-json\/wp\/v2\/media?parent=779"}],"wp:term":[{"taxonomy":"product_cat","embeddable":true,"href":"https:\/\/megamascotasdf.com\/megamascotas\/wp-json\/wp\/v2\/product_cat?post=779"},{"taxonomy":"product_tag","embeddable":true,"href":"https:\/\/megamascotasdf.com\/megamascotas\/wp-json\/wp\/v2\/product_tag?post=779"}],"curies":[{"name":"wp","href":"https:\/\/api.w.org\/{rel}","templated":true}]}}