{"id":7728,"date":"2022-05-30T16:30:09","date_gmt":"2022-05-30T22:30:09","guid":{"rendered":"https:\/\/megamascotasdf.com\/megamascotas\/?post_type=product&#038;p=7728"},"modified":"2022-05-30T16:30:09","modified_gmt":"2022-05-30T22:30:09","slug":"neutral-regulator-seachem","status":"publish","type":"product","link":"https:\/\/megamascotasdf.com\/megamascotas\/producto\/neutral-regulator-seachem\/","title":{"rendered":"Neutral Regulator Seachem"},"content":{"rendered":"<p>Neutral Regulator ajusta y mantiene el valor pH siempre neutro (pH 7.0) tanto si el agua se encuentra en valores altos o bajos.  Adem\u00e1s, ablanda el agua mediante la precipitaci\u00f3n del calcio y el magnesio al tiempo que elimina eficazmente el cloro, la cloramina y el amonio, el nitrito y el nitrato.<\/p>\n<p>Para bajar el pH por debajo de 7.0 use Neutral Regulator con Discus Buffer.<\/p>\n<p>Contiene tampones de fosfato y agentes acondicionadores. Seguro para todos los peces de agua dulce aclimatados a pH neutro.<\/p>\n<p>Use 5 g (1 cucharadita rasa) por cada 40\u201380 L una o dos veces al mes (o seg\u00fan sea necesario para mantener un pH de 7.0). Neutral Regulator puede usarse inicialmente a diario en casos de se establece una alta alcalinidad hasta 7.0. Se puede a\u00f1adir directamente al acuario en cualquier momento. Idealmente, debe usarse al agregar o cambiar el agua disolvi\u00e9ndola en el agua de reemplazo.<\/p>\n<p>Para apuntar a un uso de pH particular en combinaci\u00f3n con Discus Buffer siguiendo la tabla. Esta tabla asume el uso de agua no tamponada (RO o DI). Si el agua ya est\u00e1 amortiguada, use la tabla como gu\u00eda de inicio. Use Prime para declorar el agua del grifo antes de hacer un cambio de agua.<\/p>\n","protected":false},"excerpt":{"rendered":"<p>Neutral Regulator ajusta y mantiene el valor pH siempre neutro (pH 7.0) tanto si el agua se encuentra en valores altos o bajos. Adem\u00e1s, ablanda el agua mediante la precipitaci\u00f3n del calcio y el magnesio al tiempo que elimina eficazmente el cloro, la cloramina y el amonio, el nitrito y el nitrato. Para bajar el [&hellip;]<\/p>\n","protected":false},"featured_media":7729,"comment_status":"open","ping_status":"closed","template":"","meta":[],"product_cat":[18,96],"product_tag":[125,120],"jetpack_publicize_connections":[],"_links":{"self":[{"href":"https:\/\/megamascotasdf.com\/megamascotas\/wp-json\/wp\/v2\/product\/7728"}],"collection":[{"href":"https:\/\/megamascotasdf.com\/megamascotas\/wp-json\/wp\/v2\/product"}],"about":[{"href":"https:\/\/megamascotasdf.com\/megamascotas\/wp-json\/wp\/v2\/types\/product"}],"replies":[{"embeddable":true,"href":"https:\/\/megamascotasdf.com\/megamascotas\/wp-json\/wp\/v2\/comments?post=7728"}],"wp:featuredmedia":[{"embeddable":true,"href":"https:\/\/megamascotasdf.com\/megamascotas\/wp-json\/wp\/v2\/media\/7729"}],"wp:attachment":[{"href":"https:\/\/megamascotasdf.com\/megamascotas\/wp-json\/wp\/v2\/media?parent=7728"}],"wp:term":[{"taxonomy":"product_cat","embeddable":true,"href":"https:\/\/megamascotasdf.com\/megamascotas\/wp-json\/wp\/v2\/product_cat?post=7728"},{"taxonomy":"product_tag","embeddable":true,"href":"https:\/\/megamascotasdf.com\/megamascotas\/wp-json\/wp\/v2\/product_tag?post=7728"}],"curies":[{"name":"wp","href":"https:\/\/api.w.org\/{rel}","templated":true}]}}