{"id":677,"date":"2017-09-07T19:22:03","date_gmt":"2017-09-08T01:22:03","guid":{"rendered":"http:\/\/megamascotasdf.com\/megamascotas\/?post_type=product&#038;p=677"},"modified":"2025-04-10T13:16:51","modified_gmt":"2025-04-10T19:16:51","slug":"transportadora-vari-kennel-ultra","status":"publish","type":"product","link":"https:\/\/megamascotasdf.com\/megamascotas\/producto\/transportadora-vari-kennel-ultra\/","title":{"rendered":"Transportadora Vari Kennel Petmate"},"content":{"rendered":"<p>Transportadora ideal para viaje en autob\u00fas, autom\u00f3vil, barco o avi\u00f3n. <\/p>\n<p>Pl\u00e1stico de alta resistencia, durable. Seguros de pl\u00e1stico resistente y no corrosivo (tuercas mariposa). Rejilla met\u00e1lica en puerta y en ventilas laterales para un flujo sano del aire. Foso interior que permite que la mascota este siempre seca. Transportadora elaborada con materiales reciclables. <\/p>\n<p>Certificadas por la IATA para viajes en AVI\u00d3N.<\/p>\n<p>Beneficios: Adem\u00e1s de ser un medio de contenci\u00f3n c\u00f3modo para la mascota, es un m\u00e9todo seguro y f\u00e1cil para transportarla. Mantiene al perro seguro y c\u00f3modo durante el viaje. Permite el libre flujo de aire. \u00fatil para traslados al veterinario, para entrenamiento e inclusive para descansar, ya que puede usarse como casa. El perro tendr\u00e1 su propio espacio privado, se sentir\u00e1 seguro y protegido.<\/p>\n","protected":false},"excerpt":{"rendered":"<p>Transportadora ideal para viaje en autob\u00fas, autom\u00f3vil, barco o avi\u00f3n. Pl\u00e1stico de alta resistencia, durable. Seguros de pl\u00e1stico resistente y no corrosivo (tuercas mariposa). Rejilla met\u00e1lica en puerta y en ventilas laterales para un flujo sano del aire. Foso interior que permite que la mascota este siempre seca. Transportadora elaborada con materiales reciclables. Certificadas por [&hellip;]<\/p>\n","protected":false},"featured_media":7304,"comment_status":"open","ping_status":"closed","template":"","meta":[],"product_cat":[16,33],"product_tag":[],"jetpack_publicize_connections":[],"_links":{"self":[{"href":"https:\/\/megamascotasdf.com\/megamascotas\/wp-json\/wp\/v2\/product\/677"}],"collection":[{"href":"https:\/\/megamascotasdf.com\/megamascotas\/wp-json\/wp\/v2\/product"}],"about":[{"href":"https:\/\/megamascotasdf.com\/megamascotas\/wp-json\/wp\/v2\/types\/product"}],"replies":[{"embeddable":true,"href":"https:\/\/megamascotasdf.com\/megamascotas\/wp-json\/wp\/v2\/comments?post=677"}],"wp:featuredmedia":[{"embeddable":true,"href":"https:\/\/megamascotasdf.com\/megamascotas\/wp-json\/wp\/v2\/media\/7304"}],"wp:attachment":[{"href":"https:\/\/megamascotasdf.com\/megamascotas\/wp-json\/wp\/v2\/media?parent=677"}],"wp:term":[{"taxonomy":"product_cat","embeddable":true,"href":"https:\/\/megamascotasdf.com\/megamascotas\/wp-json\/wp\/v2\/product_cat?post=677"},{"taxonomy":"product_tag","embeddable":true,"href":"https:\/\/megamascotasdf.com\/megamascotas\/wp-json\/wp\/v2\/product_tag?post=677"}],"curies":[{"name":"wp","href":"https:\/\/api.w.org\/{rel}","templated":true}]}}