{"id":6488,"date":"2021-08-21T11:32:52","date_gmt":"2021-08-21T17:32:52","guid":{"rendered":"https:\/\/megamascotasdf.com\/megamascotas\/?post_type=product&#038;p=6488"},"modified":"2022-03-16T15:48:24","modified_gmt":"2022-03-16T21:48:24","slug":"mezcla-de-semillas-para-hamster-redkite-1kg","status":"publish","type":"product","link":"https:\/\/megamascotasdf.com\/megamascotas\/producto\/mezcla-de-semillas-para-hamster-redkite-1kg\/","title":{"rendered":"Mezcla de Semillas para H\u00e1mster RedKite 1Kg"},"content":{"rendered":"<p>La Mezcla de semillas para h\u00e1mster de Redkite\u00ae es un alimento delicioso, elaborado con una variedad de ingredientes naturales mezclados y balanceados perfectamente, que aportan los nutrientes necesarios para mantener a su mascota sana y equilibrada.<\/p>\n<p>FL4035<\/p>\n<p>An\u00e1lisis garantizado:<br \/>\nProte\u00edna M\u00e1x. 10.5% Grasa cruda M\u00edn. 3.5% Fibra cruda M\u00e1x. 4.5% Cenizas M\u00e1x. 1.5% Humedad M\u00e1x. 12%<\/p>\n<p>Instrucciones:<br \/>\nSirva la Mezcla de semillas para h\u00e1mster de Redkite\u00ae en el taz\u00f3n para alimento dentro del h\u00e1bitat, ub\u00edquelo del lado contrario al agua de bebida. La curiosidad del h\u00e1mster har\u00e1 que se acerque poco a poco y pruebe las semillas. No olvide proporcionarle agua potable y fresca a libre acceso. Ofrezca una cucharada (5 gramos) de alimento por cada h\u00e1mster. Dependiendo de la cantidad de h\u00e1msteres o el tama\u00f1o de ellos, variar\u00e1 la frecuencia y cantidad de alimento a proporcionar. Si observa alg\u00fan cambio en el aroma, color o textura de las semillas, ret\u00edrela del h\u00e1bitat y proporcione alimento nuevo.<\/p>\n<p>Recomendaciones:<br \/>\nConserve en un lugar fresco y seco. No proporcione el producto despu\u00e9s de la fecha de caducidad. Ofrezca agua en abundancia al h\u00e1mster en todo momento. Monitoree peri\u00f3dicamente el peso de su h\u00e1mster.<\/p>\n<p>Ingredientes:<br \/>\nMa\u00edz quebrado, sorgo, trigo, ma\u00edz entero, avena, cacahuate, girasol rallado, girasol negro, alverjon, vitapellet (soya, ma\u00edz, aceite de soya, calcio, sodio, hierro, f\u00f3sforo, cobre, cobalto, magnesio, manganeso, selenio, zinc, vitamina A, vitamina D3, vitamina E, vitamina K, vitamina B1, biotina, rivoflavina, niacina, piridoxina, metionina y lisina) y mezcla de antioxidantes (BHT, BHA, lecitina de soya).<\/p>\n","protected":false},"excerpt":{"rendered":"<p>alimento delicioso, elaborado con una variedad de ingredientes naturales<\/p>\n","protected":false},"featured_media":6489,"comment_status":"open","ping_status":"closed","template":"","meta":[],"product_cat":[19,61],"product_tag":[],"jetpack_publicize_connections":[],"_links":{"self":[{"href":"https:\/\/megamascotasdf.com\/megamascotas\/wp-json\/wp\/v2\/product\/6488"}],"collection":[{"href":"https:\/\/megamascotasdf.com\/megamascotas\/wp-json\/wp\/v2\/product"}],"about":[{"href":"https:\/\/megamascotasdf.com\/megamascotas\/wp-json\/wp\/v2\/types\/product"}],"replies":[{"embeddable":true,"href":"https:\/\/megamascotasdf.com\/megamascotas\/wp-json\/wp\/v2\/comments?post=6488"}],"wp:featuredmedia":[{"embeddable":true,"href":"https:\/\/megamascotasdf.com\/megamascotas\/wp-json\/wp\/v2\/media\/6489"}],"wp:attachment":[{"href":"https:\/\/megamascotasdf.com\/megamascotas\/wp-json\/wp\/v2\/media?parent=6488"}],"wp:term":[{"taxonomy":"product_cat","embeddable":true,"href":"https:\/\/megamascotasdf.com\/megamascotas\/wp-json\/wp\/v2\/product_cat?post=6488"},{"taxonomy":"product_tag","embeddable":true,"href":"https:\/\/megamascotasdf.com\/megamascotas\/wp-json\/wp\/v2\/product_tag?post=6488"}],"curies":[{"name":"wp","href":"https:\/\/api.w.org\/{rel}","templated":true}]}}