{"id":5652,"date":"2021-03-22T17:07:42","date_gmt":"2021-03-22T23:07:42","guid":{"rendered":"https:\/\/megamascotasdf.com\/megamascotas\/?post_type=product&#038;p=5652"},"modified":"2022-03-16T16:29:44","modified_gmt":"2022-03-16T22:29:44","slug":"plato-de-acero-base-antiderrapante-fancy-pets","status":"publish","type":"product","link":"https:\/\/megamascotasdf.com\/megamascotas\/producto\/plato-de-acero-base-antiderrapante-fancy-pets\/","title":{"rendered":"PLATO DE ACERO BASE ANTIDERRAPANTE FANCY PETS"},"content":{"rendered":"<p>Plato para perro de acero inoxidable. Ideal para alimentar a la mascota, el plato es durable, resistente y f\u00e1cil de limpiar.<br \/>\nCon base antiderrapante.<br \/>\nEl dise\u00f1o permite la perfecta distribuci\u00f3n de los alimentos o l\u00edquidos dentro del plato. Ventajas: No se oxida, f\u00e1cil de limpiar y no se voltea ni se desliza, gracias a su base antiderrapente.<\/p>\n<p>&nbsp;<\/p>\n","protected":false},"excerpt":{"rendered":"<p>Plato para perro de acero inoxidable. Ideal para alimentar a la mascota, el plato es durable, resistente y f\u00e1cil de limpiar. Con base antiderrapante. El dise\u00f1o permite la perfecta distribuci\u00f3n de los alimentos o l\u00edquidos dentro del plato. Ventajas: No se oxida, f\u00e1cil de limpiar y no se voltea ni se desliza, gracias a su [&hellip;]<\/p>\n","protected":false},"featured_media":5661,"comment_status":"open","ping_status":"closed","template":"","meta":[],"product_cat":[16,30],"product_tag":[],"jetpack_publicize_connections":[],"_links":{"self":[{"href":"https:\/\/megamascotasdf.com\/megamascotas\/wp-json\/wp\/v2\/product\/5652"}],"collection":[{"href":"https:\/\/megamascotasdf.com\/megamascotas\/wp-json\/wp\/v2\/product"}],"about":[{"href":"https:\/\/megamascotasdf.com\/megamascotas\/wp-json\/wp\/v2\/types\/product"}],"replies":[{"embeddable":true,"href":"https:\/\/megamascotasdf.com\/megamascotas\/wp-json\/wp\/v2\/comments?post=5652"}],"wp:featuredmedia":[{"embeddable":true,"href":"https:\/\/megamascotasdf.com\/megamascotas\/wp-json\/wp\/v2\/media\/5661"}],"wp:attachment":[{"href":"https:\/\/megamascotasdf.com\/megamascotas\/wp-json\/wp\/v2\/media?parent=5652"}],"wp:term":[{"taxonomy":"product_cat","embeddable":true,"href":"https:\/\/megamascotasdf.com\/megamascotas\/wp-json\/wp\/v2\/product_cat?post=5652"},{"taxonomy":"product_tag","embeddable":true,"href":"https:\/\/megamascotasdf.com\/megamascotas\/wp-json\/wp\/v2\/product_tag?post=5652"}],"curies":[{"name":"wp","href":"https:\/\/api.w.org\/{rel}","templated":true}]}}