{"id":4440,"date":"2020-07-24T16:16:45","date_gmt":"2020-07-24T22:16:45","guid":{"rendered":"https:\/\/megamascotasdf.com\/megamascotas\/?post_type=product&#038;p=4440"},"modified":"2021-09-21T15:42:30","modified_gmt":"2021-09-21T21:42:30","slug":"transportadora-de-tela-classic-para-gato","status":"publish","type":"product","link":"https:\/\/megamascotasdf.com\/megamascotas\/producto\/transportadora-de-tela-classic-para-gato\/","title":{"rendered":"Transportadora Classic para Gato Fancy Pets 42 cm x 30 cm x 21 cm"},"content":{"rendered":"<p>Transportadora unitalla de tela para gato.<\/p>\n<p>Dise\u00f1o ligero, c\u00f3modo y resistente.<br \/>\nMaterial de primera calidad que garantiza su durabilidad.<br \/>\nPuerta superior.<br \/>\nVentanas de malla.<br \/>\nPesta\u00f1a lateral para adaptar a maleta.<br \/>\nCorrea de seguridad.<br \/>\nBase confortable.<br \/>\nLavable. <\/p>\n<p>Beneficios:<br \/>\n\u00datil y pr\u00e1ctica para la transportaci\u00f3n de la mascota.<br \/>\nMantiene a la mascota segura y c\u00f3moda durante su traslado.<br \/>\nIdeal para d\u00edas de campo y vacaciones.<\/p>\n","protected":false},"excerpt":{"rendered":"<p>42 cm x 30 cm x 21 cm<\/p>\n","protected":false},"featured_media":6718,"comment_status":"open","ping_status":"closed","template":"","meta":[],"product_cat":[17,49],"product_tag":[],"jetpack_publicize_connections":[],"_links":{"self":[{"href":"https:\/\/megamascotasdf.com\/megamascotas\/wp-json\/wp\/v2\/product\/4440"}],"collection":[{"href":"https:\/\/megamascotasdf.com\/megamascotas\/wp-json\/wp\/v2\/product"}],"about":[{"href":"https:\/\/megamascotasdf.com\/megamascotas\/wp-json\/wp\/v2\/types\/product"}],"replies":[{"embeddable":true,"href":"https:\/\/megamascotasdf.com\/megamascotas\/wp-json\/wp\/v2\/comments?post=4440"}],"wp:featuredmedia":[{"embeddable":true,"href":"https:\/\/megamascotasdf.com\/megamascotas\/wp-json\/wp\/v2\/media\/6718"}],"wp:attachment":[{"href":"https:\/\/megamascotasdf.com\/megamascotas\/wp-json\/wp\/v2\/media?parent=4440"}],"wp:term":[{"taxonomy":"product_cat","embeddable":true,"href":"https:\/\/megamascotasdf.com\/megamascotas\/wp-json\/wp\/v2\/product_cat?post=4440"},{"taxonomy":"product_tag","embeddable":true,"href":"https:\/\/megamascotasdf.com\/megamascotas\/wp-json\/wp\/v2\/product_tag?post=4440"}],"curies":[{"name":"wp","href":"https:\/\/api.w.org\/{rel}","templated":true}]}}