{"id":3850,"date":"2020-06-12T13:25:36","date_gmt":"2020-06-12T19:25:36","guid":{"rendered":"https:\/\/megamascotasdf.com\/megamascotas\/?post_type=product&#038;p=3850"},"modified":"2022-05-28T14:47:28","modified_gmt":"2022-05-28T20:47:28","slug":"alimentador-para-colibri-940-ml","status":"publish","type":"product","link":"https:\/\/megamascotasdf.com\/megamascotas\/producto\/alimentador-para-colibri-940-ml\/","title":{"rendered":"Bebedero p\/Colibr\u00ed Transparente RedKite 940mL"},"content":{"rendered":"<p>Bebedero de pl\u00e1stico transparente con cuatro estaciones de alimentaci\u00f3n con forma de flores y base desmontable para facilitar su llenado. Resistente y lavable.<\/p>\n<p>Contenido: 1 pieza. Incluye gancho y alambre forjado para colgar.<\/p>\n<p>Modo de uso:<br \/>\n1. Para llenar el bebedero, desenrosque la base y sep\u00e1rala del contenedor.<br \/>\n2. Sostenga el bebedero con la boca hacia arriba y vierta el N\u00e9ctar de colibr\u00ed RedKite. Coloque la base y enr\u00f3squela en el sentido de las manecillas de reloj hasta que quede bien asegurada.<br \/>\n3. Dependiendo del lugar en que quiera colgarlo, utilice el gancho met\u00e1lico o el alambre forrado.<\/p>\n<p>Limpieza: Lave con abundante agua tibia su bebedero para colobr\u00ed RedKite cada semana, especialmente en climas c\u00e1lidos. Puede utilizar cloro o vinagre en caso de notar manchas de moho u hongos en el recipiente. Enjuague muy bien antes de volver a llenar el bebedero.<\/p>\n<p>Coloque el bebedero lejos del sol y del viento para evitar que el n\u00e9ctar se descomponga o se derrame. Los mejores lugares para colocarlos son las ramas de los \u00e1rboles o cerca de arbustos y de flores ya que son fuente de descanso, refugio y alimento. Para mejores resultados usa N\u00e9ctar para colibr\u00ed Redkite listo para usarse.<\/p>\n","protected":false},"excerpt":{"rendered":"<p>Capacidad: 940 mL<\/p>\n","protected":false},"featured_media":7546,"comment_status":"open","ping_status":"closed","template":"","meta":[],"product_cat":[20,69],"product_tag":[109],"jetpack_publicize_connections":[],"_links":{"self":[{"href":"https:\/\/megamascotasdf.com\/megamascotas\/wp-json\/wp\/v2\/product\/3850"}],"collection":[{"href":"https:\/\/megamascotasdf.com\/megamascotas\/wp-json\/wp\/v2\/product"}],"about":[{"href":"https:\/\/megamascotasdf.com\/megamascotas\/wp-json\/wp\/v2\/types\/product"}],"replies":[{"embeddable":true,"href":"https:\/\/megamascotasdf.com\/megamascotas\/wp-json\/wp\/v2\/comments?post=3850"}],"wp:featuredmedia":[{"embeddable":true,"href":"https:\/\/megamascotasdf.com\/megamascotas\/wp-json\/wp\/v2\/media\/7546"}],"wp:attachment":[{"href":"https:\/\/megamascotasdf.com\/megamascotas\/wp-json\/wp\/v2\/media?parent=3850"}],"wp:term":[{"taxonomy":"product_cat","embeddable":true,"href":"https:\/\/megamascotasdf.com\/megamascotas\/wp-json\/wp\/v2\/product_cat?post=3850"},{"taxonomy":"product_tag","embeddable":true,"href":"https:\/\/megamascotasdf.com\/megamascotas\/wp-json\/wp\/v2\/product_tag?post=3850"}],"curies":[{"name":"wp","href":"https:\/\/api.w.org\/{rel}","templated":true}]}}