{"id":2928,"date":"2019-10-28T10:48:03","date_gmt":"2019-10-28T16:48:03","guid":{"rendered":"https:\/\/megamascotasdf.com\/megamascotas\/?post_type=product&#038;p=2928"},"modified":"2023-02-16T17:08:29","modified_gmt":"2023-02-16T23:08:29","slug":"flourish-advance-seachem","status":"publish","type":"product","link":"https:\/\/megamascotasdf.com\/megamascotas\/producto\/flourish-advance-seachem\/","title":{"rendered":"Flourish Advance Seachem"},"content":{"rendered":"<p>Flourish Advance es un potenciador biol\u00f3gico de crecimiento para plantas acu\u00e1ticas completamente natural.<\/p>\n<p>Su f\u00f3rmula avanzada contiene fitohormonas, minerales y nutrientes que estimulan notablemente el crecimiento de ra\u00edces y brotes en las plantas acu\u00e1ticas.<\/p>\n<p>Las fitohormonas son un grupo de compuestos naturales que juegan un papel crucial en la regulaci\u00f3n del crecimiento de las plantas en una amplia gama de procesos de desarrollo, entre ellos, la divisi\u00f3n celular, la formaci\u00f3n y la actividad de las c\u00e9lulas meristem\u00e1ticas en los brotes.<\/p>\n<p>Tambi\u00e9n estimula gen\u00e9ticamente a las plantas para la realizaci\u00f3n de la fotos\u00edntesis y al proceso de senescencia celular en las hojas, (su fase de envejecimiento) favorece la movilizaci\u00f3n de nutrientes, la germinaci\u00f3n de semillas, el crecimiento de la ra\u00edz y la respuesta a los factores de estr\u00e9s.<\/p>\n<p>Cuando es usado de forma regular, tambi\u00e9n mejora la absorci\u00f3n de minerales y mejora la resistencia a las enfermedades. No es t\u00f3xico y es completamente seguro para todas las variedades de plantas, as\u00ed como para peces y organismos acu\u00e1ticos.<\/p>\n<p>Agite bien antes de usar. Use 1 tapa (5 mL) por cada 80 L. Dosis diaria o seg\u00fan sea necesario para mantener el crecimiento de la planta.<\/p>\n","protected":false},"excerpt":{"rendered":"<p>Flourish Advance es un potenciador biol\u00f3gico de crecimiento para plantas acu\u00e1ticas completamente natural. Su f\u00f3rmula avanzada contiene fitohormonas, minerales y nutrientes que estimulan notablemente el crecimiento de ra\u00edces y brotes en las plantas acu\u00e1ticas. Las fitohormonas son un grupo de compuestos naturales que juegan un papel crucial en la regulaci\u00f3n del crecimiento de las plantas [&hellip;]<\/p>\n","protected":false},"featured_media":7696,"comment_status":"open","ping_status":"closed","template":"","meta":[],"product_cat":[127,18,56],"product_tag":[122,120],"jetpack_publicize_connections":[],"_links":{"self":[{"href":"https:\/\/megamascotasdf.com\/megamascotas\/wp-json\/wp\/v2\/product\/2928"}],"collection":[{"href":"https:\/\/megamascotasdf.com\/megamascotas\/wp-json\/wp\/v2\/product"}],"about":[{"href":"https:\/\/megamascotasdf.com\/megamascotas\/wp-json\/wp\/v2\/types\/product"}],"replies":[{"embeddable":true,"href":"https:\/\/megamascotasdf.com\/megamascotas\/wp-json\/wp\/v2\/comments?post=2928"}],"wp:featuredmedia":[{"embeddable":true,"href":"https:\/\/megamascotasdf.com\/megamascotas\/wp-json\/wp\/v2\/media\/7696"}],"wp:attachment":[{"href":"https:\/\/megamascotasdf.com\/megamascotas\/wp-json\/wp\/v2\/media?parent=2928"}],"wp:term":[{"taxonomy":"product_cat","embeddable":true,"href":"https:\/\/megamascotasdf.com\/megamascotas\/wp-json\/wp\/v2\/product_cat?post=2928"},{"taxonomy":"product_tag","embeddable":true,"href":"https:\/\/megamascotasdf.com\/megamascotas\/wp-json\/wp\/v2\/product_tag?post=2928"}],"curies":[{"name":"wp","href":"https:\/\/api.w.org\/{rel}","templated":true}]}}