{"id":2217,"date":"2018-06-25T10:29:42","date_gmt":"2018-06-25T16:29:42","guid":{"rendered":"http:\/\/megamascotasdf.com\/megamascotas\/?post_type=product&#038;p=2217"},"modified":"2022-05-28T15:07:24","modified_gmt":"2022-05-28T21:07:24","slug":"reef-iodide-seachem","status":"publish","type":"product","link":"https:\/\/megamascotasdf.com\/megamascotas\/producto\/reef-iodide-seachem\/","title":{"rendered":"Reef Iodide Seachem"},"content":{"rendered":"<p>Reef Iodide es una fuente altamente concentrada (8.000 mg\/L) de yoduro pot\u00e1sico estabilizado para acuarios de arrecife, que restaura y mantiene los niveles de yoduro a las concentraciones encontradas en agua natural de mar. <\/p>\n<p>Est\u00e1 formulado para proporcionar una fuente segura de yoduro muy estable para que no se convierta en yodo libre t\u00f3xico bajo condiciones de almacenamiento o en el arrecife.<\/p>\n<p>Principiante<br \/>\nAgregue 5 ml (1 tapa) por cada 200 L cada dos d\u00edas.<\/p>\n<p>Avanzado<br \/>\nAgregue 1 mL por cada 80 L diariamente para aumentar el yoduro en 0,10 mg\/L. Si es necesario, ajuste la cantidad para que la lectura de yoduro sea de 0,06 a 0,08 mg\/L 6 a 12 horas despu\u00e9s de la \u00faltima cantidad. A partir de entonces, use esta cantidad diariamente y verifique el yoduro dos veces al mes.<\/p>\n<p>Experto<br \/>\nDespu\u00e9s de determinar la tasa de consumo de yoduro, configure un sistema de goteo continuo. Use la siguiente f\u00f3rmula para determinar cu\u00e1nto agregar al agua de llenado: <\/p>\n<p>m=0.125vi (m=mL de producto para agregar al agua de llenado, v=volumen del tanque en litros, i=cantidad a elevar de yoduro en mg\/L). <\/p>\n<p>Por ejemplo, si desea aumentar el yoduro en 0,10 mg\/L en un tanque de 200 litros, entonces agregar\u00eda 0,125x200x0,10=2,5 mL al agua de relleno. [Para referencia: 1 gal\u00f3n=3.8 L].<\/p>\n<p>Es normal que los niveles de yoduro disminuyan despu\u00e9s de unos d\u00edas. Esto resulta de la utilizaci\u00f3n y el agotamiento qu\u00edmico. Por lo tanto, la cantidad y\/o la frecuencia de uso pueden variar. La cantidad utilizada se puede ajustar en funci\u00f3n de la respuesta del coral.<\/p>\n","protected":false},"excerpt":{"rendered":"<p>Reef Iodide es una fuente altamente concentrada (8.000 mg\/L) de yoduro pot\u00e1sico estabilizado para acuarios de arrecife, que restaura y mantiene los niveles de yoduro a las concentraciones encontradas en agua natural de mar. Est\u00e1 formulado para proporcionar una fuente segura de yoduro muy estable para que no se convierta en yodo libre t\u00f3xico bajo [&hellip;]<\/p>\n","protected":false},"featured_media":7710,"comment_status":"open","ping_status":"closed","template":"","meta":[],"product_cat":[121,18],"product_tag":[120],"jetpack_publicize_connections":[],"_links":{"self":[{"href":"https:\/\/megamascotasdf.com\/megamascotas\/wp-json\/wp\/v2\/product\/2217"}],"collection":[{"href":"https:\/\/megamascotasdf.com\/megamascotas\/wp-json\/wp\/v2\/product"}],"about":[{"href":"https:\/\/megamascotasdf.com\/megamascotas\/wp-json\/wp\/v2\/types\/product"}],"replies":[{"embeddable":true,"href":"https:\/\/megamascotasdf.com\/megamascotas\/wp-json\/wp\/v2\/comments?post=2217"}],"wp:featuredmedia":[{"embeddable":true,"href":"https:\/\/megamascotasdf.com\/megamascotas\/wp-json\/wp\/v2\/media\/7710"}],"wp:attachment":[{"href":"https:\/\/megamascotasdf.com\/megamascotas\/wp-json\/wp\/v2\/media?parent=2217"}],"wp:term":[{"taxonomy":"product_cat","embeddable":true,"href":"https:\/\/megamascotasdf.com\/megamascotas\/wp-json\/wp\/v2\/product_cat?post=2217"},{"taxonomy":"product_tag","embeddable":true,"href":"https:\/\/megamascotasdf.com\/megamascotas\/wp-json\/wp\/v2\/product_tag?post=2217"}],"curies":[{"name":"wp","href":"https:\/\/api.w.org\/{rel}","templated":true}]}}