{"id":2150,"date":"2018-06-21T16:12:23","date_gmt":"2018-06-21T22:12:23","guid":{"rendered":"http:\/\/megamascotasdf.com\/megamascotas\/?post_type=product&#038;p=2150"},"modified":"2022-06-07T10:52:18","modified_gmt":"2022-06-07T16:52:18","slug":"acid-buffer-seachem","status":"publish","type":"product","link":"https:\/\/megamascotasdf.com\/megamascotas\/producto\/acid-buffer-seachem\/","title":{"rendered":"Acid Buffer Seachem"},"content":{"rendered":"<p>Acid Buffer es un acondicionador libre de fosfatos que baja y estabiliza el pH. En combinaci\u00f3n con Alkaline Buffer puede ajustar y tamponar el valor de pH deseado.<\/p>\n<p>Acid Buffer est\u00e1 dise\u00f1ado para acuarios plantados o para agua muy dura donde los tampones de fosfato pueden plantear un problema de algas o turbidez. <\/p>\n<p>Ajusta el pH a 5.0\u20148.0<\/p>\n<p>Dise\u00f1ado espec\u00edficamente para acuarios plantados.<\/p>\n<p>Convierte la alcalinidad de carbonatos (KH) en CO2 disponible para las plantas.<\/p>\n<p>No contiene fosfato.<\/p>\n<p>Para bajar el pH, use 1\/4 de cucharadita (2 g) por cada 80 L al d\u00eda hasta alcanzar el pH deseado (esta dosis reduce la alcalinidad en aproximadamente 0,2 meq\/L (0,6 dKH)). Se pueden requerir dosis mayores en aguas muy duras (KH) o alcalinas.<\/p>\n","protected":false},"excerpt":{"rendered":"<p>Acid Buffer es un acondicionador libre de fosfatos que baja y estabiliza el pH. En combinaci\u00f3n con Alkaline Buffer puede ajustar y tamponar el valor de pH deseado. Acid Buffer est\u00e1 dise\u00f1ado para acuarios plantados o para agua muy dura donde los tampones de fosfato pueden plantear un problema de algas o turbidez. Ajusta el [&hellip;]<\/p>\n","protected":false},"featured_media":7816,"comment_status":"closed","ping_status":"closed","template":"","meta":[],"product_cat":[18,96,56],"product_tag":[125,120],"jetpack_publicize_connections":[],"_links":{"self":[{"href":"https:\/\/megamascotasdf.com\/megamascotas\/wp-json\/wp\/v2\/product\/2150"}],"collection":[{"href":"https:\/\/megamascotasdf.com\/megamascotas\/wp-json\/wp\/v2\/product"}],"about":[{"href":"https:\/\/megamascotasdf.com\/megamascotas\/wp-json\/wp\/v2\/types\/product"}],"replies":[{"embeddable":true,"href":"https:\/\/megamascotasdf.com\/megamascotas\/wp-json\/wp\/v2\/comments?post=2150"}],"wp:featuredmedia":[{"embeddable":true,"href":"https:\/\/megamascotasdf.com\/megamascotas\/wp-json\/wp\/v2\/media\/7816"}],"wp:attachment":[{"href":"https:\/\/megamascotasdf.com\/megamascotas\/wp-json\/wp\/v2\/media?parent=2150"}],"wp:term":[{"taxonomy":"product_cat","embeddable":true,"href":"https:\/\/megamascotasdf.com\/megamascotas\/wp-json\/wp\/v2\/product_cat?post=2150"},{"taxonomy":"product_tag","embeddable":true,"href":"https:\/\/megamascotasdf.com\/megamascotas\/wp-json\/wp\/v2\/product_tag?post=2150"}],"curies":[{"name":"wp","href":"https:\/\/api.w.org\/{rel}","templated":true}]}}