{"id":2081,"date":"2018-06-23T15:46:26","date_gmt":"2018-06-23T21:46:26","guid":{"rendered":"http:\/\/megamascotasdf.com\/megamascotas\/?post_type=product&#038;p=2081"},"modified":"2022-06-07T10:33:53","modified_gmt":"2022-06-07T16:33:53","slug":"discus-buffer-seachem","status":"publish","type":"product","link":"https:\/\/megamascotasdf.com\/megamascotas\/producto\/discus-buffer-seachem\/","title":{"rendered":"Discus Buffer Seachem"},"content":{"rendered":"<p>Discus Buffer ayuda a reproducir el ambiente ideal para los peces disco con unos bajos niveles de dureza total y pH. <\/p>\n<p>Discus Buffer establecer\u00e1 r\u00e1pidamente un pH \u00e1cido y lo mantendr\u00e1 estable, al tiempo que ablandar\u00e1 el agua precipitando las sales de calcio y magnesio.<\/p>\n<p>Neutral Regulator y Discus Buffer se pueden usar en combinaci\u00f3n para lograr el pH deseado (entre 5.8 - 6.8) al realizar cambios de agua o agregar agua de relleno.<\/p>\n<p>Contiene tampones de fosfato y agentes acondicionadores. Seguro para todos los peces de agua dulce aclimatados a pH \u00e1cido.<\/p>\n<p>Use 1 cucharadita rasa (5 g) por cada 40-80 L diariamente hasta alcanzar el pH deseado. A partir de entonces, \u00faselo una vez al mes o con cambios de agua seg\u00fan sea necesario para mantener el pH.<\/p>\n<p>Para elevar el pH, use Neutral Regulator. Para apuntar a un uso de pH particular en combinaci\u00f3n con Neutral Regulator siguiendo la tabla. Esta tabla asume el uso de agua no tamponada (RO o DI). Si el agua ya est\u00e1 amortiguada, use la tabla como gu\u00eda de inicio. Use Prime para declorar el agua del grifo antes de hacer un cambio de agua.<\/p>\n","protected":false},"excerpt":{"rendered":"<p>Discus Buffer ayuda a reproducir el ambiente ideal para los peces disco con unos bajos niveles de dureza total y pH. Discus Buffer establecer\u00e1 r\u00e1pidamente un pH \u00e1cido y lo mantendr\u00e1 estable, al tiempo que ablandar\u00e1 el agua precipitando las sales de calcio y magnesio. Neutral Regulator y Discus Buffer se pueden usar en combinaci\u00f3n [&hellip;]<\/p>\n","protected":false},"featured_media":7723,"comment_status":"open","ping_status":"closed","template":"","meta":[],"product_cat":[18,96],"product_tag":[125,120],"jetpack_publicize_connections":[],"_links":{"self":[{"href":"https:\/\/megamascotasdf.com\/megamascotas\/wp-json\/wp\/v2\/product\/2081"}],"collection":[{"href":"https:\/\/megamascotasdf.com\/megamascotas\/wp-json\/wp\/v2\/product"}],"about":[{"href":"https:\/\/megamascotasdf.com\/megamascotas\/wp-json\/wp\/v2\/types\/product"}],"replies":[{"embeddable":true,"href":"https:\/\/megamascotasdf.com\/megamascotas\/wp-json\/wp\/v2\/comments?post=2081"}],"wp:featuredmedia":[{"embeddable":true,"href":"https:\/\/megamascotasdf.com\/megamascotas\/wp-json\/wp\/v2\/media\/7723"}],"wp:attachment":[{"href":"https:\/\/megamascotasdf.com\/megamascotas\/wp-json\/wp\/v2\/media?parent=2081"}],"wp:term":[{"taxonomy":"product_cat","embeddable":true,"href":"https:\/\/megamascotasdf.com\/megamascotas\/wp-json\/wp\/v2\/product_cat?post=2081"},{"taxonomy":"product_tag","embeddable":true,"href":"https:\/\/megamascotasdf.com\/megamascotas\/wp-json\/wp\/v2\/product_tag?post=2081"}],"curies":[{"name":"wp","href":"https:\/\/api.w.org\/{rel}","templated":true}]}}